
2, 3, 31, 53, 503
List the prime factors of 169897415.
5, 33979483
What are the prime factors of 1743306065?
5, 73, 419, 11399
List the prime factors of 45942637.
13, 67, 52747
What are the prime factors of 1440079072?
2, 37, 97, 12539
What are the prime factors of 13802863?
13802863
What are the prime factors of 48703010?
2, 5, 61, 79841
List the prime factors of 1004176714.
2, 19, 47, 71, 7919
List the prime factors of 1148911377.
3, 67, 769, 7433
What are the prime factors of 1418076392?
2, 73, 2428213
List the prime factors of 126384292.
2, 487, 64879
List the prime factors of 7682211.
3, 41, 109, 191
What are the prime factors of 71016885?
3, 5, 526051
What are the prime factors of 29004676?
2, 7251169
What are the prime factors of 3756785667?
3, 3889, 322001
What are the prime factors of 298770146?
2, 149385073
What are the prime factors of 29894428?
2, 7473607
List the prime factors of 1338006778.
2, 669003389
What are the prime factors of 97834905?
3, 5, 7, 103529
List the prime factors of 5387702297.
25253, 213349
List the prime factors of 43036553.
7, 125471
List the prime factors of 24537158.
2, 12268579
List the prime factors of 376668658.
2, 37, 5090117
What are the prime factors of 290924946?
2, 3, 13, 15349
List the prime factors of 1961867117.
7, 280266731
List the prime factors of 1211362832.
2, 37, 379, 5399
List the prime factors of 498004098.
2, 3, 19, 131, 33347
List the prime factors of 21285396.
2, 3, 11, 19, 23, 41
List the prime factors of 27023563.
7, 29, 133121
List the prime factors of 2957719136.
2, 71, 149, 8737
List the prime factors of 349869533.
13, 139, 193619
What are the prime factors of 623302484?
2, 7, 17, 23, 197
What are the prime factors of 102952617?
3, 34317539
List the prime factors of 3114765091.
11833, 263227
List the prime factors of 588671483.
1523, 386521
List the prime factors of 2965664159.
2965664159
What are the prime factors of 5679950579?
23, 246954373
List the prime factors of 330123593.
73, 4522241
What are the prime factors of 466329139?
53, 1301, 6763
List the prime factors of 1573074897.
3, 541, 969239
What are the prime factors of 195368094?
2, 3, 1109, 9787
What are the prime factors of 2328611659?
11, 173, 571, 2143
What are the prime factors of 757079067?
3, 797, 316637
List the prime factors of 567476121.
3, 41, 4613627
What are the prime factors of 1990970748?
2, 3, 13, 327247
What are the prime factors of 23200268?
2, 7, 13, 63737
What are the prime factors of 126997074?
2, 3, 1867, 3779
List the prime factors of 122897450.
2, 5, 13, 71, 2663
List the prime factors of 779871143.
23, 33907441
List the prime factors of 9990126.
2, 3, 71, 7817
What are the prime factors of 342387645?
3, 5, 22825843
List the prime factors of 6399521190.
2, 3, 5, 7583, 9377
What are the prime factors of 11060829?
3, 13, 17, 67, 83
What are the prime factors of 591547648?
2, 2310733
What are the prime factors of 12185098?
2, 2143, 2843
List the prime factors of 333004157.
467, 499, 1429
What are the prime factors of 359455793?
3301, 108893
What are the prime factors of 85120072?
2, 10640009
What are the prime factors of 2813487467?
7, 967, 415643
List the prime factors of 1633972318.
2, 11, 37, 683, 2939
What are the prime factors of 99632714?
2, 49816357
List the prime factors of 1350005792.
2, 23, 1289, 1423
What are the prime factors of 48302596?
2, 677, 17837
What are the prime factors of 126734911?
241, 525871
List the prime factors of 74855660.
2, 5, 11, 59, 73, 79
What are the prime factors of 8809872685?
5, 17, 2719, 38119
List the prime factors of 23016320.
2, 5, 35963
What are the prime factors of 905151877?
7, 163, 793297
List the prime factors of 5281899879.
3, 1760633293
List the prime factors of 498688638.
2, 3, 7, 67, 177217
What are the prime factors of 72448992?
2, 3, 7, 11
What are the prime factors of 108968882?
2, 11, 599, 8269
List the prime factors of 1985554230.
2, 3, 5, 11, 6016831
List the prime factors of 292975271.
2663, 110017
List the prime factors of 30215487.
3, 137, 73517
What are the prime factors of 116240192?
2, 1816253
What are the prime factors of 30321306?
2, 3, 79, 21323
What are the prime factors of 628614568?
2, 78576821
List the prime factors of 133397490.
2, 3, 5, 4446583
What are the prime factors of 46605207?
3, 11, 128389
What are the prime factors of 2475860765?
5, 7, 70738879
What are the prime factors of 171491250?
2, 3, 5, 7, 47, 139
List the prime factors of 29518017.
3, 9839339
List the prime factors of 2428941575.
5, 8461, 11483
What are the prime factors of 34361327?
7, 11, 13, 34327
List the prime factors of 2855936815.
5, 571187363
List the prime factors of 122589642.
2, 3, 7, 673, 4337
What are the prime factors of 9501783?
3, 23, 137707
What are the prime factors of 2097319898?
2, 4007, 261707
List the prime factors of 648836674.
2, 324418337
List the prime factors of 10571912.
2, 13, 101653
List the prime factors of 4377470.
2, 5, 37, 11831
List the prime factors of 270859695.
3, 5, 499, 36187
What are the prime factors of 1606235?
5, 321247
What are the prime factors of 114839168?
2, 809, 1109
List the prime factors of 1490708704.
2, 89, 647, 809
List the prime factors of 86489539.
19, 1103, 4127
What are the prime factors of 334113013?
13, 109, 235789
List the prime factors of 121661418.
2, 3, 17, 139, 8581
What are the prime factors of 255935553?
3, 85311851
List the prime factors of 47890609.
13, 181, 20353
List the prime factors of 2379709041.
3, 373, 2126639
What are the prime factors of 829247552?
2, 7, 19, 37, 2633
What are the prime factors of 2395339223?
1163, 2059621
List the prime factors of 62643347.
13, 4818719
List the prime factors of 2422008098.
2, 53, 22849133
What are the prime factors of 686644630?
2, 5, 7, 41, 419, 571
List the prime factors of 39880033.
39880033
List the prime factors of 253300435.
5, 317, 159811
List the prime factors of 165447999.
3, 101, 182011
What are the prime factors of 2917947182?
2, 631, 811, 2851
What are the prime factors of 31046317?
31046317
What are the prime factors of 1025704011?
3, 41, 8339057
List the prime factors of 3210859034.
2, 569, 2821493
What are the prime factors of 114438166?
2, 57219083
What are the prime factors of 93862548?
2, 3, 13, 131, 1531
List the prime factors of 293145055.
5, 7, 2633, 3181
List the prime factors of 25074864.
2, 3, 17, 10243
List the prime factors of 76989133.
13, 455557
List the prime factors of 27261352.
2, 19, 179351
What are the prime factors of 1198261395?
3, 5, 1567, 16993
List the prime factors of 72553156.
2, 13, 61, 89, 257
List the prime factors of 6938563.
47, 147629
What are the prime factors of 50453508?
2, 3, 7, 79, 7603
What are the prime factors of 7931925?
3, 5, 3917
What are the prime factors of 177955748?
2, 19, 31, 75533
What are the prime factors of 2246571406?
2, 8317, 135059
List the prime factors of 3140949406.
2, 7, 137, 1637617
What are the prime factors of 636977100?
2, 3, 5, 2123257
What are the prime factors of 16031967?
3, 7, 191, 571
What are the prime factors of 485620300?
2, 5, 11, 17, 25969
List the prime factors of 191203344.
2, 3, 1327801
List the prime factors of 119517914.
2, 59758957
List the prime factors of 1365966240.
2, 3, 5, 19, 7883
What are the prime factors of 40116099?
3, 283, 47251
What are the prime factors of 4316592178?
2, 19, 281, 404251
What are the prime factors of 326556298?
2, 17, 29, 227, 1459
List the prime factors of 17425880.
2, 5, 435647
List the prime factors of 407394475.
5, 107, 152297
What are the prime factors of 3139982512?
2, 331, 592897
What are the prime factors of 3675925657?
17, 31, 457, 15263
List the prime factors of 4455202174.
2, 4073, 546919
What are the prime factors of 25539412?
2, 31, 205963
What are the prime factors of 11726506?
2, 11, 433, 1231
What are the prime factors of 1968672943?
1289, 1527287
List the prime factors of 49693341.
3, 19, 31, 28123
List the prime factors of 57888195.
3, 5, 3859213
List the prime factors of 75689324.
2, 4337, 4363
List the prime factors of 471056477.
471056477
List the prime factors of 2874405750.
2, 3, 5, 199, 19259
What are the prime factors of 2830981050?
2, 3, 5, 2097023
What are the prime factors of 107090030?
2, 5, 79, 28